{"id":492,"date":"2018-03-19T12:26:32","date_gmt":"2018-03-19T11:26:32","guid":{"rendered":"http:\/\/dhknaack.de\/?page_id=492"},"modified":"2018-03-28T17:28:15","modified_gmt":"2018-03-28T15:28:15","slug":"verkehrsrecht","status":"publish","type":"page","link":"https:\/\/dhknaack.de\/index.php\/verkehrsrecht\/","title":{"rendered":"Verkehrsrecht"},"content":{"rendered":"<p><strong>Verkehrsrecht: L\u00e4sst sich ein Unfall auch ohne Polizei kl\u00e4ren? <\/strong><\/p>\n<p>03 November, 2017<\/p>\n<p><em>Die Polizei muss bei kleinen Sch\u00e4den infolge eines Verkehrsunfalls nicht zwingend gerufen werden.<\/em><\/p>\n<p>&#8220;Wenn Du einen Unfall hast, rufe immer die Polizei! Sonst k\u00f6nnte es hinterher Schwierigkeiten mit der Versicherung geben&#8221;, hei\u00dft es schon seit Fahrschultagen. Doch was ist dran an dem Tipp?<br \/>\nGanz platt formuliert:<br \/>\nDas h\u00e4ngt vor allem vom Schaden ab. Denn kleine Kratzer im Lack, sogenannte &#8220;Bagatellsch\u00e4den&#8221; (vom franz\u00f6sischen Begriff &#8220;bagatelle&#8221; f\u00fcr Kleinigkeit), verpflichten niemanden dazu, die Ordnungsh\u00fcter zu kontaktieren.<br \/>\nWichtig ist jedoch, dass die wichtigsten Daten mit dem Unfallgegner ausgetauscht werden. &#8220;Zur Herausgabe dieser Daten sind alle Beteiligten verpflichtet:<br \/>\nName und Anschrift, Versicherung sowie Versicherungsnummer und das amtliche Kennzeichen des Fahrzeugs&#8221;, erkl\u00e4rt ein Experte der ARAG Versicherung. Mithilfe von Smartphones oder mitgef\u00fchrten Kameras sollten zudem Fotos vom Unfallgeschehen gemacht werden.<br \/>\nHier gilt:<br \/>\nLieber zu viel als zu wenig. Eine gro\u00dfe Erleichterung f\u00fcr einen reibungslosen Ablauf der anschlie\u00dfenden Schadenregulierung bietet das europ\u00e4ische Unfallbericht-Formular.<br \/>\nGanz wichtig hierbei:<br \/>\nWer in Deutschland den Verkehrsunfall-Berichtsbogen am Ende unterzeichnet, gibt kein Schuldbekenntnis ab.<br \/>\nUnd was, wenn eine Partei auch bei einem kleinen Schaden, wie dem typischen Parkrempler, \u00fcberhaupt nicht anwesend ist? &#8220;Der Unfallverursacher muss mindestens drei\u00dfig Minuten abwarten, ob der Fahrer des angerempelten Autos auftaucht. Erscheint dieser nicht, muss die Polizei gerufen werden, damit sie den Fahrzeughalter ermitteln kann&#8221;, mahnt der Experte.<\/p>\n<p>Bei schwerwiegenden Unf\u00e4llen, besonders dann, wenn es Verletzte zu beklagen gibt oder auch dann, wenn der Unfallhergang aufgrund von Uneinigkeit lieber ordnungsgem\u00e4\u00df dokumentiert werden sollte, muss die Polizei gerufen werden. &#8220;Oberste Priorit\u00e4t hat allerdings die Versorgung des Unfallopfers, die Einleitung der Erste-Hilfe-Ma\u00dfnahmen, der Ruf der Rettungskr\u00e4fte (112) sowie die Absicherung der Unfallstelle mit einem Warndreieck.<br \/>\nAuch wenn der Verdacht besteht, dass Alkohol oder Drogen im Spiel sind, sollte der Unfall bei der Polizei gemeldet werden&#8221;, raten die Versicherungs-Experten. mid\/som<\/p>\n<p>&nbsp;<\/p>\n<p>Quelle : KFZ-Auskunft.de<\/p>\n<div style=\"margin:10px 0 10px 0;\"><a href=\"whatsapp:\/\/send\" data-text=\"Verkehrsrecht\" data-href=\"\" class=\"wa_btn wa_btn_l\" style=\"display:none\">Share<\/a><\/div>","protected":false},"excerpt":{"rendered":"<p>Verkehrsrecht: L\u00e4sst sich ein Unfall auch ohne Polizei kl\u00e4ren? 03 November, 2017 Die Polizei muss bei kleinen Sch\u00e4den infolge eines Verkehrsunfalls nicht zwingend gerufen werden. &#8220;Wenn Du einen Unfall hast, rufe immer die Polizei! Sonst k\u00f6nnte es hinterher Schwierigkeiten mit der Versicherung geben&#8221;, hei\u00dft es schon seit Fahrschultagen. Doch was ist dran an dem Tipp? [&hellip;]<\/p>\n","protected":false},"author":1,"featured_media":0,"parent":0,"menu_order":0,"comment_status":"closed","ping_status":"closed","template":"","meta":{"footnotes":""},"class_list":["post-492","page","type-page","status-publish","hentry"],"_links":{"self":[{"href":"https:\/\/dhknaack.de\/index.php\/wp-json\/wp\/v2\/pages\/492","targetHints":{"allow":["GET"]}}],"collection":[{"href":"https:\/\/dhknaack.de\/index.php\/wp-json\/wp\/v2\/pages"}],"about":[{"href":"https:\/\/dhknaack.de\/index.php\/wp-json\/wp\/v2\/types\/page"}],"author":[{"embeddable":true,"href":"https:\/\/dhknaack.de\/index.php\/wp-json\/wp\/v2\/users\/1"}],"replies":[{"embeddable":true,"href":"https:\/\/dhknaack.de\/index.php\/wp-json\/wp\/v2\/comments?post=492"}],"version-history":[{"count":3,"href":"https:\/\/dhknaack.de\/index.php\/wp-json\/wp\/v2\/pages\/492\/revisions"}],"predecessor-version":[{"id":508,"href":"https:\/\/dhknaack.de\/index.php\/wp-json\/wp\/v2\/pages\/492\/revisions\/508"}],"wp:attachment":[{"href":"https:\/\/dhknaack.de\/index.php\/wp-json\/wp\/v2\/media?parent=492"}],"curies":[{"name":"wp","href":"https:\/\/api.w.org\/{rel}","templated":true}]}}