{"id":329,"date":"2018-03-06T11:44:33","date_gmt":"2018-03-06T10:44:33","guid":{"rendered":"http:\/\/dhknaack.de\/?page_id=329"},"modified":"2018-03-21T13:29:33","modified_gmt":"2018-03-21T12:29:33","slug":"unsere-dienstleistungen","status":"publish","type":"page","link":"https:\/\/dhknaack.de\/index.php\/unsere-dienstleistungen\/","title":{"rendered":"Unsere Dienstleistungen"},"content":{"rendered":"<ul>\n<li>\n<h4><span style=\"color: #000000;\">Schadengutachten f\u00fcr Kraftfahrzeuge<\/span><\/h4>\n<\/li>\n<li>\n<h4><span style=\"color: #000000;\">Beweissicherungsgutachten<\/span><\/h4>\n<\/li>\n<li>\n<h4><span style=\"color: #000000;\">Erstellen von Expertisen zur Fahrzeugbewertung<\/span><\/h4>\n<\/li>\n<li>\n<h4><span style=\"color: #000000;\">Sch\u00e4tzungen<\/span><\/h4>\n<\/li>\n<li>\n<h4><span style=\"color: #000000;\">Oldtimerbewertungen<\/span><\/h4>\n<\/li>\n<li>\n<h4><span style=\"color: #000000;\">Technische Gutachten<\/span><\/h4>\n<\/li>\n<li>\n<h4><span style=\"color: #000000;\">Gutachten f\u00fcr Hagelsch\u00e4den<\/span><\/h4>\n<\/li>\n<\/ul>\n<h4><\/h4>\n<h4 style=\"text-align: center;\"><span style=\"color: #000000;\"><a style=\"color: #000000;\" href=\"http:\/\/dhknaack.de\/index.php\/agb\/\">AGB<\/a> | <a style=\"color: #000000;\" href=\"http:\/\/dhknaack.de\/index.php\/impressum\/\">Impressum<\/a> | <\/span><a href=\"http:\/\/dhknaack.de\/index.php\/download\/\"><span style=\"color: #000000;\">Download<\/span><\/a><\/h4>\n<div style=\"margin:10px 0 10px 0;\"><a href=\"whatsapp:\/\/send\" data-text=\"Unsere Dienstleistungen\" data-href=\"\" class=\"wa_btn wa_btn_l\" style=\"display:none\">Share<\/a><\/div>","protected":false},"excerpt":{"rendered":"<p>Schadengutachten f\u00fcr Kraftfahrzeuge Beweissicherungsgutachten Erstellen von Expertisen zur Fahrzeugbewertung Sch\u00e4tzungen Oldtimerbewertungen Technische Gutachten Gutachten f\u00fcr Hagelsch\u00e4den AGB | Impressum | Download Share<\/p>\n","protected":false},"author":1,"featured_media":0,"parent":0,"menu_order":0,"comment_status":"closed","ping_status":"closed","template":"","meta":{"footnotes":""},"class_list":["post-329","page","type-page","status-publish","hentry"],"_links":{"self":[{"href":"https:\/\/dhknaack.de\/index.php\/wp-json\/wp\/v2\/pages\/329","targetHints":{"allow":["GET"]}}],"collection":[{"href":"https:\/\/dhknaack.de\/index.php\/wp-json\/wp\/v2\/pages"}],"about":[{"href":"https:\/\/dhknaack.de\/index.php\/wp-json\/wp\/v2\/types\/page"}],"author":[{"embeddable":true,"href":"https:\/\/dhknaack.de\/index.php\/wp-json\/wp\/v2\/users\/1"}],"replies":[{"embeddable":true,"href":"https:\/\/dhknaack.de\/index.php\/wp-json\/wp\/v2\/comments?post=329"}],"version-history":[{"count":9,"href":"https:\/\/dhknaack.de\/index.php\/wp-json\/wp\/v2\/pages\/329\/revisions"}],"predecessor-version":[{"id":557,"href":"https:\/\/dhknaack.de\/index.php\/wp-json\/wp\/v2\/pages\/329\/revisions\/557"}],"wp:attachment":[{"href":"https:\/\/dhknaack.de\/index.php\/wp-json\/wp\/v2\/media?parent=329"}],"curies":[{"name":"wp","href":"https:\/\/api.w.org\/{rel}","templated":true}]}}